Give h(-11).
299
Let f(q) = -27319*q + 2950500. Give f(108).
48
Let q(z) = 183*z - 55543. Determine q(302).
-277
Let l(h) = 267*h - 29349. What is l(110)?
21
Let p(w) = -w**3 - 49*w**2 - 28*w + 297. Calculate p(-49).
1669
Let q(k) = -7080*k - 247808. What is q(-35)?
-8
Let j(i) = -10*i**3 + 8*i**2 + 107*i + 524. Calculate j(-6).
2330
Let o(t) = -5554*t**3 - 2*t**2 + 1131*t - 1130. Calculate o(1).
-5555
Let i(d) = d**3 - 11*d**2 + 37*d - 181. Determine i(13).
638
Let l(d) = -4*d**2 + 82*d + 3836. Calculate l(48).
-1444
Let d(p) = 95*p + 8352. Determine d(-91).
-293
Let o(p) = 2*p**2 - 267*p + 8885. Give o(69).
-16
Let b(l) = 955*l**2 + 22164*l + 4599. What is b(-23)?
22
Let a(s) = 4*s**2 + 5*s - 1330. Determine a(0).
-1330
Let c(m) = 26*m**2 + 84*m - 517. What is c(7)?
1345
Let g(c) = 1783*c - 4119. What is g(2)?
-553
Let t(m) = -48*m**3 + 82*m**2 + 197*m. Give t(-2).
318
Let m(b) = 1455*b - 31958. Determine m(22).
52
Let o(y) = -2*y**2 - 563*y - 22813. Calculate o(-236).
-1337
Let o(l) = -l**3 + 210*l**2 + 1078*l + 81. What is o(215)?
726
Let m(d) = 616*d + 3583. What is m(-6)?
-113
Let s(z) = -124165*z - 496661. Calculate s(-4).
-1
Let i(v) = 3*v**3 + 5012*v**2 + 664*v + 3901790. Determine i(-1671).
5
Let v(g) = -4*g**2 - 14*g + 384. Determine v(18).
-1164
Let l(w) = -2*w**3 + 1216*w**2 - 6100*w + 274. Give l(5).
-76
Let x(g) = -147562*g + 1328062. Give x(9).
4
Let s(n) = -n**2 + 108*n - 2392. Calculate s(25).
-317
Let m(k) = -5*k**2 - 245*k - 301. Determine m(-41).
1339
Let h(b) = -11*b**3 - 18*b**2 - 8*b + 33. Calculate h(3).
-450
Let t(p) = -p**3 + 3618*p**2 - 842003*p + 744. What is t(250)?
-6
Let j(z) = 2*z**3 - 188*z**2 - 22980*z + 3220. Determine j(164).
-60
Let k(b) = b**3 + 3*b**2 - 12*b - 94. Calculate k(4).
-30
Let v(f) = 2*f**3 - 23*f**2 - 56*f + 65. What is v(-3)?
-28
Let f(s) = s**3 - 102*s**2 - 213*s + 579. Give f(104).
59
Let t(q) = q**3 + 156*q**2 - 12944*q + 3310. Determine t(-216).
-146
Let s(b) = -3726*b - 413. Determine s(-2).
7039
Let c(l) = l**3 + 15*l**2 - 93*l + 64. Calculate c(8).
792
Let w(m) = 1462*m - 369984. Give w(253).
-98
Let c(l) = -2*l**3 + 12*l**2 + 4880*l - 29269. Give c(6).
11
Let n(b) = b**3 + 107*b**2 - 220*b + 38. Determine n(-109).
256
Let s(h) = -14303*h - 1244363. What is s(-87)?
-2
Let v(f) = -1801*f - 8105. Determine v(-4).
-901
Let y(s) = -s**2 - 259*s - 1895. Give y(-248).
833
Let v(i) = 70412*i**2 - 17*i - 6. What is v(0)?
-6
Let z(d) = -d**3 - 295*d**2 - 17195*d + 1028. Calculate z(-215).
-47
Let p(o) = -726*o - 111796. What is p(-154)?
8
Let b(r) = -61*r + 3293. What is b(64)?
-611
Let j(v) = -2068*v + 519055. What is j(251)?
-13
Let h(f) = f**3 + 19*f**2 + 17196*f + 361976. Give h(-21).
-22
Let w(x) = -35*x**2 + 1536*x + 3373. Determine w(46).
-31
Let q(y) = y**3 - 891*y**2 - 15431*y - 4305. Calculate q(908).
235
Let q(x) = -2961*x - 121491. Determine q(-41).
-90
Let b(j) = -2*j**2 - 71*j - 935. Give b(-33).
-770
Let u(f) = 7*f**2 - 1506*f - 20522. Determine u(228).
-2
Let m(k) = 8*k**3 - 18*k - 90. Give m(-5).
-1000
Let k(p) = -350160*p + 19258812. Give k(55).
12
Let u(c) = 5*c**2 - 259*c - 3458. Determine u(65).
832
Let c(b) = b**3 + 126*b**2 - 837*b + 137. What is c(6)?
-133
Let h(l) = -100*l**2 + 1591*l + 121. Calculate h(16).
-23
Let t(w) = 38859*w - 1204620. Give t(31).
9
Let i(n) = -3*n**3 - 261*n**2 + 21*n + 2056. Determine i(-87).
229
Let t(z) = 27*z - 3878. Calculate t(145).
37
Let m(d) = 39204*d - 39283. What is m(1)?
-79
Let y(s) = -s**3 - 35*s**2 - 847*s - 25753. Give y(-33).
20
Let d(x) = x**3 + 1733*x**2 - 3470*x + 13. Calculate d(2).
13
Let m(c) = -c**2 + 15*c + 1885. Calculate m(52).
-39
Let h(q) = q**3 + 28*q**2 - 113*q - 343. Calculate h(-32).
-823
Let i(c) = -9*c**2 + 157*c - 1210. Determine i(11).
-572
Let p(u) = -2*u**3 - 6*u**2 - 6971*u + 20958. What is p(3)?
-63
Let k(t) = 11997*t - 131981. Calculate k(11).
-14
Let o(u) = -96*u**2 + 25*u + 194. Determine o(-3).
-745
Let r(v) = 181717*v - 17808265. Give r(98).
1
Let m(h) = -h**3 - 223*h**2 - 3784*h - 4797. Calculate m(-17).
-3
Let x(u) = 5*u**2 + 41*u - 220. Determine x(5).
110
Let g(j) = -14*j**2 - 356*j - 2285. What is g(-14)?
-45
Let m(u) = -u**2 + 727*u + 4352. What is m(-6)?
-46
Let q(z) = -5*z**3 - 259*z**2 + 48*z + 103. Determine q(-52).
311
Let j(p) = p**3 + 558*p**2 + 43963*p - 10093. What is j(-463)?
93
Let g(k) = k**2 - 365*k + 3891. Calculate g(11).
-3
Let k(w) = w**3 + w**2 + 2297*w - 6923. Give k(3).
4
Let v(o) = o**3 + 6*o**2 - 883*o - 9110. Determine v(-11).
-2
Let l(z) = z**3 - 99*z**2 + 394*z - 10171. Calculate l(96).
5
Let p(a) = 384573*a + 11537188. Calculate p(-30).
-2
Let k(y) = -580*y + 25011. Calculate k(43).
71
Let s(d) = -751*d - 9913. Calculate s(-13).
-150
Let h(s) = 4*s**2 - 204*s + 3582. Determine h(19).
1150
Let m(n) = n**2 - 483*n + 35666. What is m(89)?
600
Let b(h) = h**3 + 664*h**2 + 235*h + 156025. Determine b(-664).
-15
Let p(w) = -1207*w**2 - 1470*w - 1472. Determine p(-1).
-1209
Let f(i) = -230*i + 77252. Give f(336).
-28
Let y(f) = 16*f**2 - 2123*f - 575. Determine y(133).
90
Let z(b) = 705*b + 1975. Determine z(-3).
-140
Let z(b) = -183150*b + 183068. What is z(1)?
-82
Let p(k) = k**3 + 10*k**2 - 75*k - 191. Give p(-4).
205
Let q(f) = f**3 - 99*f**2 - 5223*f + 2333. What is q(137)?
4
Let z(w) = 9*w**3 + 274*w**2 - 171*w + 264. What is z(-31)?
760
Let p(b) = -704*b**2 + 2042*b - 55. Determine p(3).
-265
Let o(f) = 4*f**2 - 132*f - 142. What is o(0)?
-142
Let h(a) = 202*a + 25667. Determine h(-126).
215
Let j(w) = -289*w**2 + 44507*w - 155. Calculate j(154).
-1
Let p(h) = 3*h**3 + 996*h**2 - 1112*h - 37674. Determine p(-333).
-45
Let u(j) = j**3 + 207*j**2 + 927*j - 94586. Calculate u(-200).
14
Let r(v) = -27*v + 7613. Give r(264).
485
Let u(r) = r**3 + 138*r**2 + 1325*r - 23550. Calculate u(-126).
12
Let a(x) = 4*x**3 + 33*x**2 + 4*x - 69. Calculate a(-3).
108
Let n(t) = 2*t**2 - 233*t + 4399. Calculate n(98).
773
Let s(z) = 15*z**3 + 25*z**2 - 91*z - 273. Determine s(-3).
-180
Let c(s) = s**3 - 13*s**2 + 36*s + 43. Calculate c(9).
43
Let z(t) = -307*t - 31678. What is z(-103)?
-57
Let m(d) = -d**3 + 27*d**2 - 119*d + 244. Give m(22).
46
Let y(h) = 1328*h - 13455. What is y(10)?
-175
Let m(w) = -51*w**3 + 696*w**2 + 247*w + 88. Calculate m(14).
18
Let v(i) = -i**2 - 261*i - 16549. What is v(-116)?
271
Let z(j) = -37*j**2 - 515*j - 45. Give z(-17).
-1983
Let v(i) = -102*i**2 + 451*i + 360. Determine v(5).
65
Let o(p) = 2*p**3 + 96*p**2 - 8*p - 321. Give o(-48).
63
Let y(v) = -13935*v - 13748. Determine y(-1).
187
Let b(i) = 25*i**2 + 723*i + 59. Calculate b(-26).
-1839
Let m(b) = -1527*b + 4028. Give m(3).
-553
Let t(j) = j**3 - 60*j**2 + 765*j - 45851. Give t(60).
49
Let p(g) = 11*g**2 - 271*g - 693. What is p(27)?
9
Let j(m) = -10*m**3 - 22*m**2 - 96*m + 4. What is j(-4)?
676
Let k(v) = 1559*v - 15620. Calculate k(10).
-30
Let a(o) = -1572*o**2 + 392996*o + 1005. Determine a(250).
5
Let j(z) = -z**3 + z**2 + 3353*z - 38615. Give j(12).
37
Let k(i) = -i**3 - 63*i**2 - 176*i + 144. Give k(-60).
-96
Let r(a) = -943*a - 179182. Calculate r(-190).
-12
Let p(v) = -2*v**3 - 24*v**2 - 315*v + 1847. Calculate p(6).
-1339
Let v(i) = -i**3 - 21*i**2 - 130*i - 518. What is v(-12)?
-254
Let l(o) = o**3 + 165*o**2 + 324*o - 323. Calculate l(-163).
3
Let f(v) = -v**2 + 261*v + 6538. Give f(284).
6
Let b(i) = -5*i**2 - 917*i - 9093. Determine b(-173).
-97
Let x(b) = 922*b - 14766. Give x(16).
-14
Let r(q) = -13*q**2 + 1221*q + 2857. Calculate r(97).
-1023
Let n(p) = -p**2 + 1482*p + 14967. Calculate n(-10).
47
Let u(i) = 205*i**2 + 757*i + 422. Determine u(-3).
-4
Let j(f) = 58590*f + 2577901. What is j(-44)?
-59
Let j(b) = b**3 + b**2 - 258*b + 2780. Give j(11).
1394
Let g(c) = 222*c - 180. What is g(-2)?
-624
Let n(r) = -7*r - 2726. Give n(-19).
-2593
Let u(n) = 559*n - 62615. What is u(112)?
-7
Let y(b) = 5*b**2 + 158*b + 259. Calculate y(-31).
166
Let a(z) = 10209*z - 71278. Calculate a(7).
185
Let v(c) = -159*c - 4939. Give v(-30).
-169
Let o(q) = 2*q**3 + 1794*q**2 + 22997*q + 11478. Calculate o(-884).
-14
Let c(s) = -29*s**2 + 9898*s + 19796. Calculate c(-2).
-116
Let f(h) = -5*h**2 + 43*h + 257. Calculate f(13).
-29
Let i(o) = -34493*o - 896808. Determine i(-26).
10
Let j(q) = -q**